{"id":1435,"date":"2019-11-18T14:06:07","date_gmt":"2019-11-18T19:06:07","guid":{"rendered":"https:\/\/dravas.ca\/armq\/?page_id=1435"},"modified":"2026-04-09T22:36:09","modified_gmt":"2026-04-10T02:36:09","slug":"programmation","status":"publish","type":"page","link":"https:\/\/vocamode.ca\/pe\/programmation\/","title":{"rendered":"Programmation"},"content":{"rendered":"<div><img decoding=\"async\" loading=\"lazy\" class=\"centre-expo\" src=\"https:\/\/vocamode.ca\/pe\/wp-content\/uploads\/Centre-de-Congres-Levis.jpg\" alt=\"centre-expo\" width=\"800\" height=\"398\" \/><\/div>\n<h5>Les 16-17-18 Ao\u00fbt 2026 <strong>VOCA mode Printemps + \u00c9t\u00e9 2027 vous re\u00e7oit au Centre des Congr\u00e8s de L\u00e9vis, Qu\u00e9bec<\/strong><\/h5>\n<p><strong>5750 Rue J.-B.- Michaud, L\u00e9vis, QC G6V 0A4<\/strong><\/p>\n<div class=\"sous-section-titre\">\n<h2>Magazine<\/h2>\n<\/div>\n<div class=\"sous-section-contenu sanstitre\">\n<p><img decoding=\"async\" class=\"alignnone wp-image-3214 size-full\" style=\"width: 30%; height: auto; padding-right: 50px; display: block;\" src=\"https:\/\/vocamode.ca\/pe\/wp-content\/uploads\/VOCA-Mode-Printemps-ete-2027-fr-1.jpg\" alt=\"Voca Mode Printemps Ete 2027\"\/><\/p>\n<p>\u00c0 venir<br \/>\n<!--<strong><a href=\"https:\/\/vocamode.ca\/pe\/voca-magazine-printempsete-2026\/\" target=\"_blank\" rel=\"noopener\">Consulter le VOCA Magazine\nPrintemps+\u00c9t\u00e9 2026 <\/a><\/strong>--><\/p>\n<\/div>\n<div style=\"clear: both;\"><\/div>\n<div class=\"sous-section-titre\">\n<h2>Programmation<\/h2>\n<\/div>\n<div class=\"sous-section-contenu sanstitre\">\n<p><strong>CONF\u00c9RENCE<\/strong><br \/>\n\u00c0 venir<\/p>\n<p><strong>SOIR\u00c9E DE L&rsquo;INDUSTRIE<\/strong><br \/>\n\u00c0 venir<\/p>\n<\/div>\n<div style=\"clear: both;\"><\/div>\n<div class=\"sous-section-titre\">\n<h2>Heures d&rsquo;ouverture<\/h2>\n<\/div>\n<div class=\"sous-section-contenu sanstitre\">\n<ul style=\"margin-top: 0; margin-left: 0;\">\n<li>Dimanche 16 ao\u00fbt, de 9 h 00 \u00e0 18 h 00<\/li>\n<li>Lundi 17 ao\u00fbt, de 9 h 00 \u00e0 18 h 00<\/li>\n<li>Mardi 18 ao\u00fbt, de 9 h 00 \u00e0 16 h 00<\/li>\n<\/ul>\n<\/div>\n<p><!--\n\n\n<div class=\"sous-section-contenu sanstitre\"><a class=\"cta-btn-contenu\" href=\"#\" target=\"_blank\" rel=\"noopener noreferrer\" style=\"color:red\">Programmation compl\u00e8te ici<\/a><\/div>\n\n\n--><\/p>\n<div style=\"clear: both;\"><\/div>\n","protected":false},"excerpt":{"rendered":"<p>Les 16-17-18 Ao\u00fbt 2026 VOCA mode Printemps + \u00c9t\u00e9 2027 vous re\u00e7oit au Centre des Congr\u00e8s de L\u00e9vis, Qu\u00e9bec 5750 Rue J.-B.- Michaud, L\u00e9vis, QC G6V 0A4 Magazine \u00c0 venir Programmation CONF\u00c9RENCE \u00c0 venir SOIR\u00c9E DE L&rsquo;INDUSTRIE \u00c0 venir Heures d&rsquo;ouverture Dimanche 16 ao\u00fbt, de 9 h 00 \u00e0 18 h 00 Lundi 17 ao\u00fbt, <a href=\"https:\/\/vocamode.ca\/pe\/programmation\/\" class=\"more-link\">&#8230;<\/a><\/p>\n","protected":false},"author":1,"featured_media":2104,"parent":0,"menu_order":0,"comment_status":"closed","ping_status":"closed","template":"page-section.php","meta":{"footnotes":""},"categories":[],"tags":[],"acf":[],"_links":{"self":[{"href":"https:\/\/vocamode.ca\/pe\/wp-json\/wp\/v2\/pages\/1435"}],"collection":[{"href":"https:\/\/vocamode.ca\/pe\/wp-json\/wp\/v2\/pages"}],"about":[{"href":"https:\/\/vocamode.ca\/pe\/wp-json\/wp\/v2\/types\/page"}],"author":[{"embeddable":true,"href":"https:\/\/vocamode.ca\/pe\/wp-json\/wp\/v2\/users\/1"}],"replies":[{"embeddable":true,"href":"https:\/\/vocamode.ca\/pe\/wp-json\/wp\/v2\/comments?post=1435"}],"version-history":[{"count":142,"href":"https:\/\/vocamode.ca\/pe\/wp-json\/wp\/v2\/pages\/1435\/revisions"}],"predecessor-version":[{"id":3333,"href":"https:\/\/vocamode.ca\/pe\/wp-json\/wp\/v2\/pages\/1435\/revisions\/3333"}],"wp:featuredmedia":[{"embeddable":true,"href":"https:\/\/vocamode.ca\/pe\/wp-json\/wp\/v2\/media\/2104"}],"wp:attachment":[{"href":"https:\/\/vocamode.ca\/pe\/wp-json\/wp\/v2\/media?parent=1435"}],"wp:term":[{"taxonomy":"category","embeddable":true,"href":"https:\/\/vocamode.ca\/pe\/wp-json\/wp\/v2\/categories?post=1435"},{"taxonomy":"post_tag","embeddable":true,"href":"https:\/\/vocamode.ca\/pe\/wp-json\/wp\/v2\/tags?post=1435"}],"curies":[{"name":"wp","href":"https:\/\/api.w.org\/{rel}","templated":true}]}}

<div><img decoding="async" loading="lazy" class="centre-expo" src="https://vocamode.ca/pe/wp-content/uploads/Centre-de-Congres-Levis.jpg" alt="centre-expo" width="800" height="398" /></div>
<h5>Les 16-17-18 Août 2026 <strong>VOCA mode Printemps + Été 2027 vous reçoit au Centre des Congrès de Lévis, Québec</strong></h5>
<p><strong>5750 Rue J.-B.- Michaud, Lévis, QC G6V 0A4</strong></p>
<div class="sous-section-titre">
<h2>Magazine</h2>
</div>
<div class="sous-section-contenu sanstitre">
<p><img decoding="async" class="alignnone wp-image-3214 size-full" style="width: 30%; height: auto; padding-right: 50px; display: block;" src="https://vocamode.ca/pe/wp-content/uploads/VOCA-Mode-Printemps-ete-2027-fr-1.jpg" alt="Voca Mode Printemps Ete 2027"/></p>
<p>À venir<br />
<!--<strong><a href="https://vocamode.ca/pe/voca-magazine-printempsete-2026/" target="_blank" rel="noopener">Consulter le VOCA Magazine
Printemps+Été 2026 </a></strong>--></p>
</div>
<div style="clear: both;"></div>
<div class="sous-section-titre">
<h2>Programmation</h2>
</div>
<div class="sous-section-contenu sanstitre">
<p><strong>CONFÉRENCE</strong><br />
À venir</p>
<p><strong>SOIRÉE DE L&rsquo;INDUSTRIE</strong><br />
À venir</p>
</div>
<div style="clear: both;"></div>
<div class="sous-section-titre">
<h2>Heures d&rsquo;ouverture</h2>
</div>
<div class="sous-section-contenu sanstitre">
<ul style="margin-top: 0; margin-left: 0;">
<li>Dimanche 16 août, de 9 h 00 à 18 h 00</li>
<li>Lundi 17 août, de 9 h 00 à 18 h 00</li>
<li>Mardi 18 août, de 9 h 00 à 16 h 00</li>
</ul>
</div>
<p><!--


<div class="sous-section-contenu sanstitre"><a class="cta-btn-contenu" href="#" target="_blank" rel="noopener noreferrer" style="color:red">Programmation complète ici</a></div>


--></p>
<div style="clear: both;"></div>

<p>Les 16-17-18 Août 2026 VOCA mode Printemps + Été 2027 vous reçoit au Centre des Congrès de Lévis, Québec 5750 Rue J.-B.- Michaud, Lévis, QC G6V 0A4 Magazine À venir Programmation CONFÉRENCE À venir SOIRÉE DE L&rsquo;INDUSTRIE À venir Heures d&rsquo;ouverture Dimanche 16 août, de 9 h 00 à 18 h 00 Lundi 17 août, <a href="https://vocamode.ca/pe/programmation/" class="more-link">&#8230;</a></p>
